i**2 - 7*i. Calculate b(l).
-6
Let s(y) = -y**2 - 7*y - 5. Let x(d) = -d + 5. Let r be x(4). Let m = r - 1. Suppose -v - 9 + 4 = m. Give s(v).
5
Suppose -2*p - 6 = 2*p - 3*r, 0 = -5*p - 3*r + 6. Suppose 4*t - 1 - 7 = p. Let v = 0 + t. Let k(c) = -c**3 + c**2 - 2*c. Calculate k(v).
-8
Let d(b) be the first derivative of b**4/4 - b**2/2 - b + 5. Determine d(2).
5
Suppose -10 = u - 3*u. Let a(y) = y + 3 + u*y**2 + 1 - 4. Give a(1).
6
Let a(v) = -2*v + 1. Let m be a(1). Let k(g) = g**2 - g. Let i(f) = 3*f**2 - 2*f. Let s(u) = i(u) - 2*k(u). What is s(m)?
1
Let y(t) = t + 10. Suppose -2*o - 24 = c + c, -c = 2*o + 15. Calculate y(c).
1
Let u(l) be the second derivative of l**3/6 - 2*l**2 + l. Determine u(4).
0
Suppose -5*t + 6 - 1 = 0. Let i(f) = -f + 2 + 2 - 2. Let b(d) = -1. Let k(j) = b(j) + i(j). Determine k(t).
0
Suppose 2*v = 3*v - 4. Suppose -26 + 10 = -v*t. Let s(a) = -a**3 + 4*a**2 - 2*a - 2. Calculate s(t).
-10
Let v(o) = -o**2 + 7*o + 1. Let d(q) = q**2 + 6*q - 11. Let z be d(-8). Calculate v(z).
11
Let g(u) = -u + 1. Let a = -6 + 12. Suppose f + 5 = -0*o - 3*o, 2*o = 4*f - 8. Let j be -1 - (a/o + 1). What is g(j)?
0
Let p(k) = -2*k**2 - 8*k. Let z(i) = i**2 + 1. Let q(s) = p(s) + z(s). Give q(-8).
1
Suppose -x = -2*x - 2*s + 8, 3*s - 26 = -5*x. Let q(k) = -k**3 + 4*k**2 - 2*k + 1. Calculate q(x).
-7
Let x(g) = -g - 2. Suppose -4*j - 5 = -y - 0*j, j = 5*y + 13. What is x(y)?
1
Let o(a) = -a**2 - a + 1. Let f be 6/(-10)*15/3. Calculate o(f).
-5
Let n(s) = 2*s**2 + 3*s + 1. Let q be n(-4). Let h = q + -19. Let b(y) = -y**2 - 3*y + 3. Calculate b(h).
-7
Let d = -72 + 66. Let m(z) = -5*z**2 - 5*z + 3. Let v(x) = 6*x**2 + 5*x - 3. Let n(g) = 5*m(g) + 4*v(g). Calculate n(d).
-3
Let c = -13 + 16. Suppose u - 3*u - 28 = -5*k, 3*k = -c*u. Let s(a) = -a**2 - 4*a - 6. Calculate s(u).
-6
Let u(y) = y**3 + 8*y**2 - 11*y - 13. Let j be u(-9). Suppose j*s - m + 4 = 2*m, s - 5*m = -14. Suppose -g + s = -3. Let w(d) = 2*d - 5. Give w(g).
3
Let w(i) = -2*i**2 + 5*i - 4. Let q be ((-9)/(-6))/((-6)/(-12)). Calculate w(q).
-7
Let u(o) be the second derivative of o**3/6 + 9*o**2/2 - 123*o. Let r(h) = -h**2 - h + 2. Let x be r(-2). What is u(x)?
9
Let t(o) be the third derivative of o**5/60 + o**4/24 - o**3/6 + 8*o**2. What is t(-1)?
-1
Let j(k) = -14*k - 17*k + 44*k - 11*k - 9. What is j(7)?
5
Let v(k) be the third derivative of 5*k**2 + 0*k + 1/6*k**3 - 1/24*k**4 + 1/60*k**5 - 7/120*k**6 + 0. Determine v(1).
-6
Suppose -f - 1 + 2 = 0. Suppose 0 = i - 2 - f. Let y(u) = 7*u + 2*u**i - 1 + u**2 - 7*u. Give y(-1).
-2
Let n(y) = -4*y + 0 + 5*y**2 - 4*y**2 - 1. Let v(i) = -i**2 + 2*i + 20. Let b be v(5). What is n(b)?
4
Let r(i) be the first derivative of i**4/4 + 5*i**3/3 + 5*i**2/2 - 1. Suppose -10 = 3*f - m, -f - 3 = m + 3. Calculate r(f).
-4
Let t = 20 - 36. Let g = -11 - t. Let n(s) = -s**3 + 5*s**2 + 7. What is n(g)?
7
Let m be 12/(-8)*78/(-9). Let x(z) = m - 10 - z - 15. Calculate x(0).
-12
Let n(y) = -y**3 - 7*y**2 - 2*y - 1. Let z = 2 + -9. Give n(z).
13
Let n(j) = j**3 + 4*j**2. Suppose 2*y = -3*y + 30. Suppose -5*v - y = -3*v. Determine n(v).
9
Let p(w) be the first derivative of w - 5/3*w**3 + 1/2*w**2 + 1/4*w**4 + 3. Calculate p(5).
6
Let t(v) = -v**2 + 4*v + 6. Let g(y) = -2*y**2 + 7*y + 11. Let z(w) = -3*g(w) + 5*t(w). Determine z(0).
-3
Let k(x) = x**2 - x - 1. Let m be k(-2). Let o = 3 + 2. Let s(b) = 4 - 3 + 5*b + o - b**2. What is s(m)?
6
Let j(i) be the second derivative of i**3 + 13*i. What is j(-1)?
-6
Let d(m) be the second derivative of -m**8/1680 - m**6/360 + m**5/120 - m**4/6 + 3*m. Let o(s) be the third derivative of d(s). Determine o(1).
-5
Let k = 19 - 17. Let b(m) be the third derivative of 0*m**3 - 1/20*m**5 + 0 + 0*m - 1/120*m**6 - 1/24*m**4 + k*m**2. What is b(-2)?
-2
Let f be 0 - -1 - (0 + 1). Let d(m) = 2*m - 27. Let n be d(14). Let b(u) = -1 + f*u + u - n. Determine b(2).
0
Let u = 0 + 0. Let h(q) = q + u + 0. Suppose -4*k + 4 = -3*g, -2*g + k + k = 4. What is h(g)?
-4
Let w(a) = 7*a**2 + 1 - 2*a**2 - 3*a - 4*a**2. Determine w(4).
5
Let m(i) = -i**3 + i**2 - 2. Suppose -4*q + 2 - 2 = 0. What is m(q)?
-2
Let j(q) be the second derivative of q**4/4 + q**3/2 - q. Let o = -1 - 4. Let u = -7 - o. Determine j(u).
6
Let o(n) = n**2 + 1. Let d(f) = 7*f**2 - f + 2. Suppose 2*g - 5*g = 3. Let u(l) = g*d(l) + 2*o(l). Let r = 3 - 2. What is u(r)?
-4
Suppose 0 = -x - 2*x - u - 2, 25 = -5*u. Let r(g) = g**2 - 7*g + 6. Let o be r(6). Suppose 2*l - 3*l - x = o. Let y(a) = -8*a**2 + 1. What is y(l)?
-7
Let k be ((-9)/(-6))/(12/(-16)). Let b(u) = -u - 2. Give b(k).
0
Let c(t) be the second derivative of t**4/12 + t**3/2 + 35*t. Let k = 1 - 3. Give c(k).
-2
Let s(a) = 2*a**2 - 3*a - 2. Let f(g) = -g**2 + 2*g + 1. Let w(k) = 3*f(k) + 2*s(k). What is w(3)?
8
Let a(i) = 13*i**2 + 6*i + 1. Let l(u) = 26*u**2 + 11*u + 2. Let k(t) = -11*a(t) + 6*l(t). Let b be 0 + 1 - 1*2. What is k(b)?
14
Let r(w) = 0 + 0*w + 2 + w. Let h = -4 + 10. Suppose n + h = -n. Calculate r(n).
-1
Let x(t) be the first derivative of -t**3/3 + 5*t**2/2 + 9*t + 17. Calculate x(6).
3
Let g = -5 - -9. Suppose 0*a = -a + g*k - 12, -3*a - k = -3. Let q(p) be the third derivative of -p**5/60 + p**4/24 - 4*p**3/3 + 47*p**2 - 1. Calculate q(a).
-8
Let f(u) = -u**3 - 6*u**2 + 7*u - 7. Let x be f(-7). Let k(s) = 2*s + 5. Calculate k(x).
-9
Let z be (-10)/(-8)*(4 + -8). Let i be z*(-2 + 6/2). Let f(x) = -x**2 - 5*x - 5. What is f(i)?
-5
Let q(r) = -r**2 - 6*r - 3. Let z(h) = -4*h**2 - 23*h - 14. Let f(a) = 9*q(a) - 2*z(a). Give f(-8).
1
Let o(n) = -n - 4. Let f = 3 - 6. What is o(f)?
-1
Let p(u) = -u + 2. Suppose 2*g - w = 5 + 5, -w + 14 = 2*g. Calculate p(g).
-4
Let r(x) = x**2 - 5*x + 6. Let t = -12 - -7. Suppose 4*h + 6 = 2*h - 4*n, -2*h - 7 = 5*n. Let a be (2 + h)/((-1)/t). Determine r(a).
6
Let x(z) = -6*z + 7*z - z**2 - 3 - 5*z. Give x(-3).
0
Let x(p) = -8 + 2*p + 18 - 16. Calculate x(4).
2
Let v(w) = w**3 + 4*w**2 - w**2 + 2 - 3*w**2. Let a(b) = 0*b**2 + 2 + 2*b**2 - 3 + 0*b**2 + b**3. Let l be a(-1). Determine v(l).
2
Let o = 15 - 17. Let m(s) = s**3 - s**2 - 3*s - 3. Calculate m(o).
-9
Let j(k) = -9*k - 12*k**2 + 5*k**3 - 2*k**2 - 3 - 4*k**3 + 21*k**2. Determine j(-8).
5
Let l(x) = x**2 - 7*x + 5. Let j be l(6). Let r be j + ((-32)/(-4))/1. Let a(i) = -2*i + 10. Calculate a(r).
-4
Let v(p) = -p**3 - 11*p**2 + p + 16. Let c be v(-11). Let m(t) = 3 + 1 - c - 3*t - 3*t**2. Let u = -7 - -5. Give m(u).
-7
Suppose 2 = -3*l - 4. Let y = 5 + l. Let b(p) = -2*p**y + p**3 + p - 3*p**2 + 3 + p. Determine b(-3).
-3
Let q = -7 - -12. Suppose 3 = -5*c + y, -7*c + 15 = -2*c + q*y. Let s(a) = 0 - a**3 - 3*a - 2 - 5*a**2 + c. Calculate s(-2).
-8
Let m(f) = -f**2 + f + 9. Suppose 4*q = 6*q. Calculate m(q).
9
Let r(z) = z + 7. Suppose -j - 2 = 0, -5*x + 2*j = -4*x - 29. Suppose 3*l + 5*c = 5 + 32, -3*l + x = -c. Let a = 5 - l. Determine r(a).
3
Let n be ((-9)/12)/(1/(-4)). Let l(j) = 6*j**2 - j**n - 3 + 2*j**3 + 2 + 3*j. Determine l(-5).
9
Let t(z) = z**2 - 5*z + 4. Let j be t(4). Suppose i - 4*y - 25 = j, -2*i + 3*y + y + 30 = 0. Let l(a) = a**2 - 1 + 1 + 0*a**2 + 6 - i*a. Calculate l(5).
6
Let o = 58 - 58. Let y(t) = 4*t - 3 - t - 4*t. Give y(o).
-3
Let v be 2/4*-4*1. Let l be (v - -3)*3 - -2. Suppose -3*g = -g - 4*t - 24, l*g - 5*t - 45 = 0. Let q(x) = x**3 - 6*x**2 - 2*x + 8. Determine q(g).
-4
Let p(j) = j**2 + 6*j - 3. Let a(s) = -4*s**2 - 18*s + 8. Let c(l) = -2*a(l) - 7*p(l). Suppose 0 = 4*q - 4, 2*n + 0*n - 11 = q. Calculate c(n).
5
Let c be (2 + -7 - -3)/(-1). Let g(i) = 8*i - 11 - i + 15 - i**2 - c*i. Let a(v) = -v - 2. Let z be a(-7). Give g(z).
4
Let y(m) = m**3 - 4*m**2 + 2*m - 4. Let x be y(4). Let z(g) = 1 - x + 1 - 2*g. Suppose -6*j + 10 = -j. Determine z(j).
-6
Let v(c) = c**3 - 4*c**2 + c + 2. Let o = 6 - 4. Let h be o*-1 + (4 - 1). Suppose -4*p - 5*i = -17, -2 = -i - h. Give v(p).
-4
Let c(t) be the first derivative of t**4/4 - t**3 - 3*t**2/2 - t - 3. Calculate c(3).
-10
Suppose 5*u + 1 = -4. Let w(b) = -1. Let c(i) = i**2 - 7*i + 1. Let t(l) = u*c(l) + 5*w(l). Suppose 8 = h + 4. Determine t(h).
6
Let b = 4 + -4. Let m be b/3 + (1 - -1). Let k(f) = 0 - f - 2*f**m + 9*f**2 + 0. Give k(1).
6
Let a = -5 - -1. Let o(v) = 2*v**2 + 3*v + 12. Let f(k) = -k**2 - k - 6. Let x(g) = -5*